 l?
10
Let b(r) = -r**3 + 11*r**2 - 10*r + 5. Let h be b(10). Suppose h*i - 40 = 5*a, 3*i - 15 = -3*a + 15. What is the remainder when 26 is divided by i?
8
Suppose 128 = -8*p + 512. What is the remainder when p is divided by 7?
6
Let b(g) = -4*g**2 + g. Let c(l) = 8*l**2 - 2*l - 1. Let x(h) = -5*b(h) - 2*c(h). Suppose -40 = -3*u + 14. Calculate the remainder when x(3) is divided by u.
17
Calculate the remainder when -24*12/(-54)*3 is divided by 8.
0
What is the remainder when 159 is divided by (-2)/(-2) - (-25 + -6)?
31
Let m = 145 - 131. Calculate the remainder when 265 is divided by m.
13
Suppose 0*i + 4 = i. Let h = 12 + i. Suppose 132 = 5*n - 93. What is the remainder when n is divided by h?
13
Suppose -3*l - q + 333 = 4*q, 4*q + 12 = 0. Calculate the remainder when l is divided by 17.
14
Let p = 29 + -6. What is the remainder when p is divided by 6?
5
Let q = -6 + 9. Calculate the remainder when 4 is divided by q.
1
Let t(s) = -5*s**3 + s**2 + 3*s + 3. Calculate the remainder when t(-2) is divided by 22.
19
Let f(o) = 761*o + 1. Let b be f(-1). Let p be (2 - 1)/((-4)/b). Suppose m = 2*c - 54, -4*c = 2*m - p + 74. Calculate the remainder when c is divided by 15.
13
What is the remainder when 23 - -4 - (-6)/2 is divided by 16?
14
Let x(g) = 5*g + 3. Let f(p) = 7*p + 5. Let j(c) = -5*f(c) + 8*x(c). Calculate the remainder when j(3) is divided by 8.
6
Suppose 2*i = -g - 0*g - 8, -4*i = -4. Let b = g - -26. What is the remainder when 61 is divided by b?
13
Let w = 93 + -37. Let z = w - 34. What is the remainder when 41 is divided by z?
19
Let n(c) = -2*c**3 - 2*c**2 - 2*c. Let h be 6/(-8) + (-20)/16. What is the remainder when 34 is divided by n(h)?
10
What is the remainder when 52 is divided by (4/1 - 3)*1 + 27?
24
What is the remainder when 30 is divided by (5/15)/(-2 - 109/(-54))?
12
Calculate the remainder when 10 is divided by ((-2)/1)/(-4*(-1)/(-6)).
1
Let v(o) = 4*o**2 - 2*o + 5. Let l be v(6). Let c be ((-24)/(-1))/(1/(-4)). Let i = c + l. Calculate the remainder when i is divided by 14.
13
Calculate the remainder when (-135)/(-36)*(-8)/(-3) is divided by 4.
2
Suppose -k = -3*f + 90 + 1, 16 = -4*k. Calculate the remainder when f is divided by 16.
13
Suppose -3*y = 3*i - 15, -4*y = -i + 1 + 4. Suppose i = -k + 14. Calculate the remainder when (-1)/2 - (-51)/2 is divided by k.
7
Suppose z = 2*z. Suppose 5*t - 135 = -z*t. Calculate the remainder when t is divided by 8/20 - (-66)/10.
6
Let v = 6 + -1. Suppose -v*h = -h - 20. Calculate the remainder when h is divided by 4.
1
Let j = 37 - 14. Calculate the remainder when j is divided by 15.
8
Let u(n) = n**2 + 7*n - 24. Suppose 54 + 26 = 5*i. Calculate the remainder when i is divided by u(-10).
4
Let z(i) = 8*i**3 - 1. Suppose 0 = -4*t - 2*y - 18, 0*y = -4*t - y - 13. Calculate the remainder when ((-4)/2)/(t/12) is divided by z(1).
5
Suppose 5*t + 2*p - 1061 = 3*p, 5*t = -2*p + 1073. Calculate the remainder when t is divided by 43.
41
Let x(z) = -6*z - 2. Suppose 7 = 4*f + 5*t - 9, -f = 3*t - 4. What is the remainder when x(-4) is divided by (-98)/(-8) - f/16?
10
Suppose 3*s - 3*u = 60, 3*s - 58 + 6 = u. What is the remainder when 205 is divided by s?
13
Suppose 0 = 3*i - a - 32, 4*i + 2*a = -2*a + 16. What is the remainder when 7 + 19*(-4)/(-4) is divided by i?
8
Let h(d) = -d**3 - 5*d**2 - 3*d + 1. Let p be h(-3). What is the remainder when 20 is divided by (-158)/(-14) - p/(-28)?
9
Let q(z) = z**3 - 4*z**2 + 4*z + 1. Let n be q(3). Suppose -108 + n = -2*l. Let w = l - 25. Calculate the remainder when w is divided by 10.
7
Suppose 2*h + 3*w - 20 = 11, 0 = -3*h - 5*w + 47. Let n = -30 + 39. Suppose n = c - 18. Calculate the remainder when c is divided by h.
13
Suppose -4*z + 35 = -4*n - 17, -3*z + 2*n = -42. Let r = -4 + z. What is the remainder when 34 is divided by r?
10
Let s(g) = -g**3 - 7*g**2 - 8*g - 4. Calculate the remainder when 22 is divided by s(-6).
6
Let m(n) = -3*n - 3. Let v = 5 + -10. Let r = -1 + 6. What is the remainder when m(v) is divided by r?
2
Suppose -3*g + 5 = -8*g. Let x = -2 + 4. Calculate the remainder when x is divided by -3 + (-3)/g - -1.
0
Let q(b) = 24*b**2 + b - 1. Let k be q(1). Let w(z) = z + 8. Let l be w(-4). Calculate the remainder when (-3)/l*(-4 - k) is divided by 11.
10
Let a = 2 + 26. Let w = 2 + a. Calculate the remainder when w is divided by 11.
8
Let c = 36 + -30. Calculate the remainder when 9 is divided by c.
3
Suppose -564 = -5*b - 7*b. Calculate the remainder when b is divided by 8.
7
Let z(y) = -2*y**2 - 4*y - 2. Let c(b) = b + 1. Let s(p) = -c(p) - z(p). Calculate the remainder when 6 is divided by s(-2).
0
Let q(z) = z**3 + 8*z**2 - 14*z - 5. Let x be q(-9). Let v = x + -28. What is the remainder when v is divided by 7?
5
Let v(l) = l**3 + 13*l**2 - l + 3. What is the remainder when 61 is divided by v(-13)?
13
Let l(q) = -12*q - 9. Calculate the remainder when l(-6) is divided by 16.
15
Let r = -2 - -2. Suppose r = 2*i - a - 13, 0*i = 2*i + 2*a - 16. Suppose 0 = -4*l - 5 + 21. What is the remainder when i is divided by l?
3
Let o = -123 - -173. What is the remainder when o is divided by 26?
24
Suppose -6*s + 0*s + 30 = 0. Suppose 5*b - 2*b = 9. What is the remainder when s is divided by b?
2
Calculate the remainder when 57 is divided by 1/9 - 52/(-18) - -13.
9
Let l = -5 - -8. Let d(f) = f**2 + 5*f - 10. Let u be d(-7). Suppose 0*x + 2*x = u. Calculate the remainder when l is divided by x.
1
Let p be (-30)/(-2) - (2 - 0). Let y = p + -2. Suppose 5*t - 93 = 67. Calculate the remainder when t is divided by y.
10
Suppose 2*j + 2*t = 16, 5*j - 5*t - 50 = -0*j. Let i = j + -4. Calculate the remainder when 12 is divided by i.
2
Let h(s) = -11*s - 1. Let k be 2 - (3 - (-2 + 8)). Let w = k - 7. Calculate the remainder when h(w) is divided by 11.
10
Suppose -5*z - 5*z + 150 = 0. What is the remainder when z is divided by 8?
7
Let x(v) = -4*v + 1. Let w be x(-4). Suppose 9 = q + 3*p, p = -5*q + w - 0. Suppose -3*u + 22 = -2. What is the remainder when u is divided by q?
2
Let t(p) = -11*p + 3 + 0*p - 5. Let y(x) = -x**2 + 10*x - 5. Let r be y(10). Calculate the remainder when t(r) is divided by 18.
17
Suppose 0 = -3*q + 10 + 11. Suppose 0 = 2*w, 2*u = q*u - 3*w - 50. What is the remainder when u is divided by 6?
4
Let i(d) = -3*d**3 - d**2. Let q = -2 - -1. Calculate the remainder when i(q) is divided by 1.
0
Let u(l) = -5*l**2 + l + 9. Let m(d) = 1. Let q(x) = 6*m(x) - u(x). What is the remainder when q(3) is divided by 10?
9
Let h = 75 + -55. Calculate the remainder when 59 is divided by h.
19
Let s = 9 - -10. What is the remainder when s is divided by 5?
4
Let n(f) = -6*f - 1. Let b(u) = 6*u + 1. Let x(q) = -4*b(q) - 5*n(q). Let w be x(-1). Let g = w - -7. What is the remainder when 6 is divided by g?
0
Suppose -c = -s + 8, 4*s + 2*c = -3*c + 23. What is the remainder when 11 is divided by s?
4
Let j(f) = 6*f**2 + 2*f + 3. Calculate the remainder when 20 is divided by j(-1).
6
Suppose -w + 5*w + 4*o - 32 = 0, o - 5 = 0. Suppose 0 = -35*a + 40*a - 45. What is the remainder when a is divided by w?
0
Let g be 3 - ((-2 - -1) + 2). Suppose 0*b - b + g = 0. Calculate the remainder when 5 is divided by b.
1
Let b be (2/5)/(4/(-20)). Let n = 35 - b. Calculate the remainder when n is divided by (78/9)/((-2)/(-3)).
11
Suppose 3*v - 39 = 30. What is the remainder when 40 is divided by v?
17
Let h(b) = -2*b - 3. Let n be h(-4). Suppose -3*c - 34 = -n*c. Let q = 9 - 3. Calculate the remainder when c is divided by q.
5
Let x be 364/8*(2 + 0). Let t = x + -21. Suppose 0 = 4*o + 4*u - 116, 3*o + 7*u - 97 = 2*u. Calculate the remainder when t is divided by o.
22
Suppose -67*m + 70*m - 81 = 0. Suppose -67 = -5*c + 2*n, -33 = -3*c - 0*n + 3*n. Calculate the remainder when m is divided by c.
12
Let q = 11 + -12. Let l(f) = -19*f**2 - 2*f. Let r(w) = 9*w**2 + w. Let d(v) = 2*l(v) + 5*r(v). Calculate the remainder when 17 is divided by d(q).
5
Suppose 5*m - 2*l = 8, 5 = 3*m + 4*l - 5. Suppose 13 + 1 = m*n. Calculate the remainder when 19 is divided by n.
5
Suppose -2*h + 6 = -0. Let g(c) = 10*c + 3. Calculate the remainder when g(h) is divided by 18.
15
Suppose -l - 82 + 100 = 0. Calculate the remainder when 87 is divided by l.
15
Let d(q) = q**2 + 3*q - 28. Cal